 11577 and 294933?
51
What is the greatest common factor of 10 and 30977890?
10
What is the highest common divisor of 410 and 2743105?
205
What is the greatest common factor of 10350 and 2012454?
414
What is the greatest common divisor of 37115675 and 799?
17
Calculate the highest common divisor of 46175016 and 57000.
456
Calculate the highest common divisor of 2 and 194816720.
2
Calculate the highest common divisor of 16986 and 36729394.
5662
Calculate the greatest common divisor of 1521 and 5876559.
117
Calculate the greatest common divisor of 12530 and 17962.
14
What is the greatest common divisor of 72552120 and 88755?
1455
Calculate the highest common divisor of 248 and 3413348.
124
Calculate the greatest common factor of 2000 and 9587750.
250
Calculate the greatest common factor of 15435750 and 28050.
1650
Calculate the highest common divisor of 323 and 75791304.
323
What is the greatest common factor of 53 and 189950410?
53
Calculate the highest common factor of 793809 and 81639.
1737
Calculate the greatest common divisor of 124965300 and 535.
535
What is the greatest common factor of 36 and 212931?
9
Calculate the greatest common factor of 93 and 6959903.
31
What is the greatest common divisor of 47436 and 2612196?
804
What is the highest common divisor of 162887 and 19931?
19
Calculate the highest common factor of 384 and 99171.
3
What is the highest common divisor of 548540 and 2500?
20
What is the highest common factor of 200674 and 237228?
746
What is the highest common factor of 272268027 and 3942?
1971
What is the greatest common factor of 24080 and 72670?
430
Calculate the greatest common divisor of 20079072 and 235352.
3224
Calculate the highest common divisor of 1568 and 9870154.
14
Calculate the greatest common divisor of 118 and 388246.
2
Calculate the greatest common factor of 160 and 1766755.
5
What is the highest common divisor of 143687595 and 85125?
3405
What is the highest common factor of 25027 and 518663?
863
Calculate the highest common factor of 14000 and 540800.
400
What is the highest common divisor of 1068 and 233724?
12
Calculate the greatest common divisor of 2440 and 25027568.
488
What is the highest common divisor of 54581625 and 2625?
2625
Calculate the highest common divisor of 19514 and 52049160.
1774
What is the greatest common divisor of 139634 and 143506?
242
Calculate the highest common factor of 388 and 346244798.
194
What is the greatest common divisor of 80188 and 172?
4
Calculate the highest common factor of 14 and 24668539.
7
What is the highest common factor of 198468 and 22348?
148
Calculate the highest common divisor of 64 and 11264944.
16
What is the greatest common divisor of 42 and 24102750?
42
What is the greatest common divisor of 19794 and 3414?
6
What is the greatest common factor of 67424 and 26230?
86
Calculate the greatest common factor of 147146 and 20478664.
5074
What is the highest common factor of 4879 and 1210853?
287
What is the highest common divisor of 1110 and 326925?
15
What is the highest common factor of 720 and 7523370?
90
Calculate the greatest common divisor of 2228 and 7158.
2
What is the highest common divisor of 3828350 and 3910?
230
What is the highest common divisor of 3990 and 474943?
133
What is the greatest common factor of 26336 and 10298199?
823
Calculate the greatest common factor of 7256 and 54304.
8
Calculate the highest common factor of 396 and 7291944.
396
What is the greatest common factor of 192852 and 203742?
198
Calculate the highest common factor of 784273 and 1639498.
1267
Calculate the highest common divisor of 810 and 2761182.
54
Calculate the highest common divisor of 3692 and 40144.
52
What is the greatest common divisor of 4526 and 14907184?
146
What is the greatest common divisor of 216 and 347112?
216
What is the highest common divisor of 286 and 920010?
26
What is the greatest common factor of 57636 and 32328?
36
What is the highest common divisor of 16384 and 1248568?
8
Calculate the greatest common divisor of 382584 and 274440.
24
Calculate the highest common factor of 66580136 and 56.
56
What is the highest common divisor of 2255779 and 369?
41
Calculate the greatest common factor of 231603 and 33.
3
What is the greatest common factor of 22336057 and 197?
197
What is the greatest common factor of 166942892 and 6116?
556
What is the greatest common factor of 3 and 82788333?
3
Calculate the highest common divisor of 250481 and 5852.
77
What is the greatest common divisor of 180 and 73384884?
36
What is the highest common factor of 6090 and 323083635?
3045
What is the highest common divisor of 189919957 and 2230?
223
Calculate the greatest common factor of 638357 and 24638.
97
What is the highest common divisor of 2172755 and 26?
13
Calculate the highest common divisor of 1188 and 9194196.
132
Calculate the greatest common divisor of 22 and 26070121.
11
Calculate the greatest common factor of 52 and 4174183.
13
What is the highest common factor of 135010 and 4508747?
587
What is the greatest common divisor of 621 and 10200339?
207
Calculate the greatest common factor of 146566 and 2212.
14
Calculate the highest common divisor of 1142691 and 2046.
1023
Calculate the greatest common divisor of 309714369 and 123.
123
What is the greatest common divisor of 45279416 and 328?
328
Calculate the highest common divisor of 32 and 98396.
4
What is the greatest common divisor of 528 and 13642893?
33
Calculate the highest common factor of 398816 and 3113088.
3872
Calculate the greatest common factor of 5481 and 15802101.
189
Calculate the highest common divisor of 255 and 5709603.
51
Calculate the greatest common factor of 5097 and 177870009.
5097
Calculate the greatest common divisor of 81354213 and 324.
81
What is the greatest common divisor of 437145 and 1146420?
2895
What is the greatest common divisor of 24278128 and 17900?
716
Calculate the highest common factor of 2334788472 and 24.
24
What is the greatest common factor of 163 and 163189569?
163
What is the greatest common divisor of 12880 and 1409660?
140
Calculate the highest common divisor of 889 and 7029323.
889
What is the highest common divisor of 49 and 22217629?
49
Calculate the greatest common factor of 18940 and 185323165.
4735
Calculate the highest common divisor of 1345 and 88149955.
1345
What is the highest common divisor of 3122 and 834778?
14
Calculate the greatest common divisor of 1238058653 and 3559.
3559
Calculate the greatest common factor of 11215 and 6854608.
2243
What is the highest common divisor of 29328 and 4612?
4
Calculate the greatest common divisor of 45 and 394475355.
45
Calculate the greatest common divisor of 4487550 and 7050.
150
Calculate the highest common factor of 45614788 and 3776.
236
What is the greatest common factor of 16190608 and 182?
14
What is the highest common divisor of 929117438 and 6234?
2078
Calculate the greatest common factor of 7 and 18187.
1
Calculate the greatest common divisor of 2465812 and 47096.
3364
Calculate the highest common divisor of 203717672 and 5792.
1448
What is the highest common factor of 8329779 and 187?
17
Calculate the greatest common factor of 346430007 and 6182.
3091
Calculate the highest common divisor of 1276 and 1921084.
44
Calculate the greatest common divisor of 991089 and 56729.
3337
Calculate the greatest common factor of 1206 and 863154.
18
What is the highest common divisor of 15250 and 13565250?
250
What is the greatest common divisor of 23558 and 236?
2
What is the greatest common divisor of 1498256 and 22272?
464
Calculate the greatest common divisor of 35767740 and 7850.
1570
Calculate the greatest common divisor of 35 and 316967.
7
Calculate the highest common divisor of 2518 and 48040922.
2518
What is the highest common divisor of 27939208 and 64?
8
Calculate the highest common factor of 136517212 and 28496.
7124
What is the highest common divisor of 93648 and 840?
24
Calculate the greatest common factor of 3854 and 145702397.
1927
What is the highest common divisor of 91 and 7391293?
91
What is the greatest common factor of 29 and 8671696?
29
What is the highest common divisor of 2745 and 133611960?
915
What is the greatest common factor of 8429642 and 26?
26
Calculate the greatest common factor of